it of 382144?
8
What is the units digit of 2033387?
7
What is the hundred thousands digit of 5631698?
6
What is the thousands digit of 158262?
8
What is the hundred thousands digit of 977324?
9
What is the units digit of 837790?
0
What is the millions digit of 7167245?
7
What is the tens digit of 995099?
9
What is the hundreds digit of 12207902?
9
What is the ten thousands digit of 700077?
0
What is the millions digit of 2283225?
2
What is the hundred thousands digit of 31061946?
0
What is the tens digit of 4650791?
9
What is the thousands digit of 148442?
8
What is the units digit of 1540746?
6
What is the millions digit of 10967180?
0
What is the hundreds digit of 1961823?
8
What is the hundred thousands digit of 176930?
1
What is the ten thousands digit of 9874667?
7
What is the ten thousands digit of 505521?
0
What is the ten thousands digit of 1458199?
5
What is the tens digit of 571173?
7
What is the tens digit of 616145?
4
What is the tens digit of 311970?
7
What is the thousands digit of 1405992?
5
What is the thousands digit of 1737338?
7
What is the units digit of 87724?
4
What is the hundreds digit of 20289727?
7
What is the thousands digit of 33736998?
6
What is the thousands digit of 97312?
7
What is the hundreds digit of 38579305?
3
What is the ten thousands digit of 185567?
8
What is the ten thousands digit of 921230?
2
What is the units digit of 239379?
9
What is the hundreds digit of 1609880?
8
What is the units digit of 9284970?
0
What is the hundreds digit of 3088196?
1
What is the thousands digit of 6412159?
2
What is the ten thousands digit of 798185?
9
What is the hundreds digit of 1375236?
2
What is the thousands digit of 6024961?
4
What is the ten thousands digit of 3167976?
6
What is the hundreds digit of 23878803?
8
What is the hundreds digit of 20771?
7
What is the ten thousands digit of 2539055?
3
What is the millions digit of 16659767?
6
What is the millions digit of 1682070?
1
What is the ten millions digit of 10355892?
1
What is the hundred thousands digit of 18232811?
2
What is the hundreds digit of 693271?
2
What is the hundreds digit of 887691?
6
What is the thousands digit of 650032?
0
What is the units digit of 176095?
5
What is the units digit of 113288?
8
What is the units digit of 5742155?
5
What is the ten thousands digit of 764439?
6
What is the ten thousands digit of 2461742?
6
What is the thousands digit of 2877612?
7
What is the hundred thousands digit of 101265?
1
What is the ten millions digit of 14236433?
1
What is the hundreds digit of 395065?
0
What is the hundreds digit of 430964?
9
What is the units digit of 12222394?
4
What is the hundreds digit of 1137955?
9
What is the tens digit of 680814?
1
What is the millions digit of 2919013?
2
What is the hundred thousands digit of 223681?
2
What is the thousands digit of 382752?
2
What is the ten millions digit of 13018460?
1
What is the tens digit of 2431642?
4
What is the millions digit of 3069867?
3
What is the hundred thousands digit of 6907066?
9
What is the ten millions digit of 36164174?
3
What is the hundreds digit of 533015?
0
What is the ten thousands digit of 336355?
3
What is the millions digit of 4235901?
4
What is the tens digit of 27597151?
5
What is the thousands digit of 47006?
7
What is the millions digit of 6698501?
6
What is the thousands digit of 484268?
4
What is the millions digit of 19110117?
9
What is the units digit of 4175258?
8
What is the hundred thousands digit of 497345?
4
What is the units digit of 1191362?
2
What is the tens digit of 6512?
1
What is the ten thousands digit of 2499156?
9
What is the tens digit of 134756?
5
What is the units digit of 248893?
3
What is the millions digit of 35211301?
5
What is the tens digit of 5815790?
9
What is the ten thousands digit of 380809?
8
What is the ten millions digit of 15129383?
1
What is the units digit of 1397175?
5
What is the units digit of 1124299?
9
What is the tens digit of 2225610?
1
What is the tens digit of 14166024?
2
What is the thousands digit of 64123?
4
What is the hundreds digit of 1585748?
7
What is the thousands digit of 2845208?
5
What is the tens digit of 12831190?
9
What is the millions digit of 19939431?
9
What is the ten thousands digit of 15657658?
5
What is the ten thousands digit of 176905?
7
What is the tens digit of 1153194?
9
What is the ten thousands digit of 784471?
8
What is the hundred thousands digit of 23709880?
7
What is the units digit of 4716225?
5
What is the ten millions digit of 17470117?
1
What is the ten thousands digit of 4200342?
0
What is the ten thousands digit of 352317?
5
What is the thousands digit of 7813759?
3
What is the units digit of 18226149?
9
What is the ten thousands digit of 981782?
8
What is the hundred thousands digit of 549035?
5
What is the hundreds digit of 25969?
9
What is the tens digit of 2858741?
4
What is the millions digit of 5865090?
5
What is the units digit of 409720?
0
What is the ten thousands digit of 9945002?
4
What is the units digit of 354243?
3
What is the hundreds digit of 677234?
2
What is the units digit of 51649?
9
What is the hundred thousands digit of 4693583?
6
What is the tens digit of 4134526?
2
What is the hundreds digit of 14896096?
0
What is the tens digit of 910576?
7
What is the millions digit of 1871760?
1
What is the ten thousands digit of 15066790?
6
What is the units digit of 1165159?
9
What is the units digit of 6402426?
6
What is the hundreds digit of 14738072?
0
What is the ten thousands digit of 1713124?
1
What is the ten thousands digit of 2206025?
0
What is the tens digit of 3294600?
0
What is the tens digit of 363629?
2
What is the ten thousands digit of 14353080?
5
What is the tens digit of 731328?
2
What is the hundreds digit of 6808013?
0
What is the ten millions digit of 13064792?
1
What is the tens digit of 228652?
5
What is the thousands digit of 940225?
0
What is the ten thousands digit of 21040192?
4
What is the thousands digit of 9188619?
8
What is the hundreds digit of 6153425?
4
What is the ten thousands digit of 103719?
0
What is the units digit of 2557689?
9
What is the units digit of 3475891?
1
What is the hundred thousands digit of 1697178?
6
What is the tens digit of 450595?
9
What is the ten thousands digit of 2864859?
6
What is the thousands digit of 15016999?
6
What is the thousands digit of 690313?
0
What is the tens digit of 546329?
2
What is the units digit of 433725?
5
What is the ten thousands digit of 754926?
5
What is the units digit of 171551?
1
What is the thousands digit of 583889?
3
What is the ten thousands digit of 9799257?
9
What is the millions digit of 6013526?
6
What is the units digit of 1304680?
0
What is the thousands digit of 17031?
7
What is the hundreds digit of 182241?
2
What is the units digit of 505360?
0
What is the hundred thousands digit of 1900354?
9
What is the units digit of 7156506?
6
What is the units digit of 316291?
1
What is the millions digit of 4395390?
4
What is the hundreds digit of 58006?
0
What is the millions digit of 4130941?
4
What is the hundreds digit of 1308148?
1
What is the tens digit of 57800?
0
What is the hundreds digit of 119427?
4
What is the ten thousands digit of 7569690?
6
What is the tens digit of 808712?
1
What is the hundreds digit of 2451261?
2
What is the hundreds digit of 214635?
6
What is the thousands digit of 3776287?
6
What is the millions digit of 1528240?
1
What is the thousands digit of 15223097?
3
What is the units digit of 267644?
4
What is the thousands digit of 231764?
1
What is the units digit of 3447739?
9
What is the millions digit of 5477441?
5
What is the hundred thousands digit of 413873?
4
What is the tens digit of 19705451?
5
What is the thousands digit of 2713771?
3
What is the ten thousands digit of 1599600?
9
What is the hundreds digit of 2353972?
9
What is the ten millions digit of 10297781?
1
What is the thousands digit of 2292452?
2
What is the ten thousands digit of 11884744?
8
What is the thousands digit of 1292027?
2
What is the hundreds digit of 902043?
0
What is the ten thousands digit of 31445654?
4
What is the hundreds digit of 25370843?
8
What is the hundreds digit of 7836044?
0
What is the tens digit of 12960866?
6
What is the millions digit of 2034